divisor of 79547 and 2639?
377
What is the greatest common factor of 4823 and 143?
13
Calculate the highest common factor of 36 and 403911.
9
Calculate the highest common factor of 203 and 45849.
29
What is the highest common factor of 4392 and 73932?
732
Calculate the highest common divisor of 3652 and 44.
44
What is the highest common factor of 190912 and 224?
32
What is the greatest common factor of 295029 and 54?
27
What is the highest common divisor of 1380 and 78315?
345
What is the greatest common factor of 1481547 and 4311?
1437
Calculate the highest common factor of 15503 and 296.
37
What is the highest common divisor of 570 and 87040?
10
Calculate the highest common divisor of 72299 and 6107.
197
Calculate the greatest common divisor of 4 and 75028.
4
Calculate the highest common factor of 77992 and 8.
8
Calculate the greatest common divisor of 860250 and 155.
155
Calculate the highest common factor of 150112 and 64.
32
What is the highest common factor of 6568 and 399827?
821
Calculate the highest common divisor of 9 and 1814823.
9
Calculate the highest common divisor of 1233 and 68637.
411
Calculate the greatest common factor of 32 and 362112.
32
Calculate the highest common divisor of 82225 and 46.
23
What is the greatest common divisor of 29402 and 122?
122
Calculate the highest common factor of 3780 and 1110.
30
What is the highest common factor of 70899 and 9?
3
Calculate the greatest common divisor of 1256 and 483403.
157
Calculate the greatest common factor of 9187 and 1.
1
What is the highest common divisor of 366849 and 2835?
567
Calculate the greatest common factor of 8910 and 278910.
270
Calculate the greatest common divisor of 57954 and 299.
13
Calculate the greatest common divisor of 238276 and 1988.
284
What is the highest common factor of 1499173 and 91?
13
Calculate the highest common divisor of 265578 and 156.
6
Calculate the highest common factor of 44783 and 247.
19
What is the greatest common divisor of 452030 and 10?
10
What is the highest common divisor of 450 and 31830?
30
What is the highest common divisor of 3165950 and 50?
50
Calculate the highest common factor of 8440 and 3840.
40
What is the greatest common factor of 33784 and 664?
8
Calculate the highest common factor of 361854 and 108.
54
Calculate the highest common divisor of 260 and 6305.
65
Calculate the greatest common divisor of 4554 and 48.
6
Calculate the highest common divisor of 88 and 110253.
11
Calculate the highest common factor of 1808 and 13786.
226
What is the highest common divisor of 6880 and 40?
40
What is the highest common factor of 885 and 112755?
15
Calculate the highest common divisor of 1364 and 12585628.
1364
Calculate the greatest common factor of 7157 and 272.
17
Calculate the greatest common divisor of 5893 and 284.
71
What is the highest common factor of 158 and 38?
2
What is the highest common factor of 4735 and 395?
5
Calculate the highest common divisor of 3456 and 302184.
216
What is the greatest common factor of 78 and 229827?
39
Calculate the highest common factor of 3068 and 649.
59
Calculate the highest common divisor of 13496 and 723.
241
Calculate the highest common factor of 79410 and 75.
15
What is the highest common factor of 41156 and 28?
4
What is the highest common factor of 43 and 5398994?
43
What is the greatest common divisor of 25800 and 2700?
300
Calculate the highest common factor of 1950 and 35230.
130
Calculate the highest common factor of 3663 and 7524.
99
Calculate the highest common divisor of 30 and 4116.
6
Calculate the greatest common factor of 385 and 674905.
385
What is the greatest common divisor of 897 and 207?
69
What is the greatest common factor of 57761 and 36223?
979
Calculate the greatest common divisor of 2584 and 289.
17
What is the highest common divisor of 217 and 1631809?
31
What is the greatest common divisor of 6766 and 12736?
398
What is the highest common factor of 141 and 29093?
47
Calculate the greatest common factor of 3492 and 99.
9
What is the greatest common divisor of 4587 and 26827?
139
Calculate the highest common divisor of 5083 and 326209.
299
Calculate the greatest common factor of 9 and 129321.
9
Calculate the greatest common factor of 83187 and 936.
117
What is the highest common divisor of 28 and 62776?
28
Calculate the greatest common divisor of 299 and 318994.
13
What is the highest common divisor of 3852 and 139100?
428
What is the greatest common divisor of 915646 and 58?
58
What is the highest common divisor of 920 and 13360?
40
What is the greatest common factor of 11458 and 535493?
337
Calculate the highest common divisor of 324375 and 15.
15
What is the highest common divisor of 801500 and 9625?
875
Calculate the greatest common divisor of 1079 and 2678.
13
Calculate the highest common factor of 46 and 244858.
46
What is the greatest common divisor of 61 and 853?
1
What is the greatest common divisor of 1656 and 39096?
72
What is the highest common factor of 14 and 299096?
14
Calculate the highest common factor of 308 and 47355.
77
What is the greatest common factor of 4142 and 52974?
218
Calculate the highest common factor of 62481 and 2124.
177
Calculate the greatest common factor of 2306125 and 3325.
475
Calculate the greatest common factor of 24 and 25392.
24
What is the greatest common factor of 2030965 and 620?
155
What is the greatest common divisor of 768 and 5848?
8
What is the greatest common divisor of 9 and 2240028?
9
What is the greatest common divisor of 595 and 21245?
35
Calculate the greatest common divisor of 13 and 552422.
13
Calculate the greatest common factor of 243880 and 2184.
728
Calculate the highest common divisor of 6559 and 256738.
937
What is the highest common divisor of 11 and 21285?
11
What is the greatest common factor of 1173912 and 6888?
984
What is the greatest common factor of 420398 and 814?
22
Calculate the highest common divisor of 164741 and 1661.
151
What is the highest common factor of 43460 and 94340?
1060
Calculate the greatest common factor of 120 and 200360.
40
Calculate the greatest common factor of 857776 and 16.
16
What is the greatest common divisor of 22270 and 1530?
170
Calculate the greatest common factor of 715 and 6045.
65
What is the greatest common divisor of 43745 and 5?
5
Calculate the highest common divisor of 980 and 3593905.
245
Calculate the highest common divisor of 3240 and 972.
324
Calculate the greatest common divisor of 184 and 35627.
23
Calculate the greatest common divisor of 36 and 7677.
9
Calculate the greatest common divisor of 40 and 26880.
40
Calculate the highest common factor of 53 and 963593.
53
What is the highest common factor of 13720 and 4655?
245
What is the highest common divisor of 123 and 1536?
3
Calculate the highest common divisor of 14245 and 770.
385
What is the highest common divisor of 1208 and 4665900?
604
Calculate the highest common divisor of 69 and 28129.
23
Calculate the greatest common divisor of 608 and 320.
32
Calculate the highest common divisor of 48795 and 15.
15
Calculate the greatest common factor of 259 and 282199.
37
What is the highest common divisor of 70 and 41965?
35
What is the highest common divisor of 421372 and 2323?
101
Calculate the highest common divisor of 63 and 58527.
63
Calculate the highest common factor of 113807 and 219.
73
Calculate the highest common factor of 1868 and 677617.
467
What is the highest common divisor of 1620 and 204132?
12
Calculate the greatest common factor of 556560 and 220.
20
What is the greatest common divisor of 217398 and 114?
114
What is the greatest common factor of 2940 and 43680?
420
Calculate the highest common divisor of 108 and 650376.
108
What is the greatest common factor of 675 and 9375?
75
What is the greatest common divisor of 117 and 26507?
13
Calculate the highest common factor of 2763 and 519137.
307
Calculate the greatest common factor of 2632 and 896.
56
What is the greatest common factor of 7400 and 12200?
200
What is the greatest common divisor of 79 and 296?
1
What is the greatest common divisor of 11288 and 34?
34
What is the highest common factor of 14061 and 15?
3
Calculate the highest common factor of 2945 and 95.
95
Calculate the highest common divisor of 29276 and 832.
52
W